(3) is divided by s.
27
Let a(j) = -7 + 4*j + 0*j - 2*j + 0*j. What is the remainder when a(15) is divided by 84/(-49)*14/(-4)?
5
Suppose 20*i + 2*i = 3916. What is the remainder when i is divided by 18?
16
Let o = 366 + -302. Calculate the remainder when o is divided by 17.
13
Let n = 257 - 141. Let x = -98 + n. What is the remainder when x is divided by 4?
2
Suppose 3*q + 594 = 3*n, 49*q = 51*q - 4. What is the remainder when n is divided by 17?
13
Suppose 0 = 5*r - 2*k - 150, 2*r + 3*k = 6*k + 71. Calculate the remainder when 78 is divided by r.
22
Suppose -5*n + 5*v - 6 = 39, 0 = -3*v + 15. What is the remainder when 25 is divided by 5/(-20) - 57/n?
11
Suppose -12*o - 82 = -754. Calculate the remainder when o is divided by 31.
25
Suppose 83*l - 89*l = -210. Suppose 4*x - 2*x - 42 = 0. Calculate the remainder when l is divided by x.
14
Suppose -n - n + 4*z + 4 = 0, -3*z = -3*n + 18. Let r(f) = f + 10. Calculate the remainder when 2/(-5) - ((-374)/n - 2) is divided by r(0).
9
Let a = 98 - 42. Suppose 4*r - 258 = -5*i + 285, -5*r = -2*i + 237. What is the remainder when i is divided by a?
55
Suppose 46*w = 5*b + 51*w - 60, 4*b = -5*w + 44. What is the remainder when 46 is divided by b?
14
Let y(h) = 4*h**2 - h - 1. Let k be y(1). Suppose -k = -3*o - 17. What is the remainder when (-2)/o - (-246)/10 is divided by 9?
7
Let n(r) = 14*r**2 + 2*r - 7. What is the remainder when n(3) is divided by 33?
26
Suppose 3*s - 5*w - 293 = 0, -2*s = 2*w - 211 - 11. Suppose s = 5*h - 74. Calculate the remainder when h is divided by 19.
17
Suppose -2*d + 5*w + 65 = 0, -w + 3 = 2. Suppose 314 = 15*j + 179. What is the remainder when d is divided by j?
8
Let x = -14 - -31. Suppose -8*i = -9 + 225. What is the remainder when x is divided by (i/15 + 3)/((-3)/(-10))?
1
Let f(j) = 15*j + 23. Let i be f(-5). What is the remainder when 89 is divided by ((84/(-8))/7)/(6/i)?
11
Let q = -1388 + 2921. What is the remainder when q is divided by 128?
125
Let t(v) = 5*v - 59. Let g(i) = -2*i + 20. Let l(q) = -17*g(q) - 6*t(q). Calculate the remainder when l(10) is divided by 14.
12
Suppose -68*r + 76*r - 3352 = 0. What is the remainder when r is divided by 60?
59
Suppose -3*s - 2*s - 5*a + 165 = 0, 0 = -5*s + 4*a + 147. Calculate the remainder when s is divided by (1/(-2))/(41/(-1476)).
13
Let h(o) = 5*o**3 - o**2 + 9*o - 18. Calculate the remainder when h(5) is divided by 15.
12
Let g = 304 - 25. Calculate the remainder when g is divided by 40.
39
Let s(n) = -n**3 - 5*n**2 + 9*n - 14. What is the remainder when 264 is divided by s(-7)?
12
What is the remainder when 24936/144 + (2 - 0)/(-12) is divided by 20?
13
Suppose -t + 60 = -44. Let k(c) = -c**3 - 8*c**2 + 8*c + 44. Calculate the remainder when t is divided by k(-9).
51
Suppose 4*r = -5*u + 1762, 20*r + 1312 = 23*r - u. Calculate the remainder when r is divided by 50.
38
Let i = -13187 - -13188. Calculate the remainder when (-19)/(-4) + 1/4 is divided by i.
0
Suppose 151 + 616 = 13*c. What is the remainder when c is divided by 34?
25
Let g(w) = 3*w**2 - 16*w + 4. Let m = -10 - -16. Calculate the remainder when g(6) is divided by m.
4
Let o(z) = -z**3 - 8*z**2 + 11*z + 18. Let x be o(-9). Let m = 24 - x. What is the remainder when 91 is divided by m?
19
Let w(n) = -n**2 + 8*n + 23. Let c be w(10). Suppose 5*t - 89 = -h, t - 5*h + 6 = c. What is the remainder when 64 is divided by t?
13
Suppose -30*h + 2290 + 2180 = 0. Calculate the remainder when h is divided by 8.
5
Suppose 6 - 18 = -4*y. Suppose 13*z - 80 = 8*z. What is the remainder when z is divided by y?
1
Suppose 0 = -s + 6*s + 410. Let t = -53 - s. What is the remainder when t is divided by 8?
5
Suppose 2*h + 44 = 4*p, -47 = -3*p - 0*h + 5*h. Suppose -p*i = -8*i. Suppose -f + 8 - 5 = i. Calculate the remainder when 6 is divided by f.
0
Suppose -4*f = -20, 4*x - 36 = -2*f - 6. Calculate the remainder when 72 is divided by (x/(-5) + -3)*19/(-4).
15
Suppose p - 48 + 9 = -5*j, 3*j + 4*p = 37. Let f(o) = o**3 - 3*o**2 - 5. Let k be f(4). Let i = k - j. What is the remainder when 7 is divided by i?
3
Suppose 0 = -47*r + 58*r - 55. Suppose 2 + 13 = r*b. Let w(x) = 3*x**2 - 2*x - 2. What is the remainder when w(3) is divided by b?
1
Suppose -f = -0*f - 4. Suppose 3*q - f*q = -58. Let g = q - 13. What is the remainder when g is divided by 16?
13
Suppose 4*t - 2*t + 397 = z, -4*t = 4*z - 1564. Calculate the remainder when z is divided by 44.
41
Suppose -6*w + w - 5 = 0. Let r be -1*(9*w - 3). What is the remainder when (332/(-16))/((-3)/r) is divided by 21?
20
Let q(c) = -c**3 + 14*c**2 + 3*c + 40. What is the remainder when q(14) is divided by 20?
2
Let k = 19 + -6. Suppose -33 + k = -5*d. Suppose l - 120 = -d*l. What is the remainder when l is divided by 13?
11
Suppose 97 = -2*r + 261. Suppose -r = -2*y - 32. Calculate the remainder when y is divided by 9.
7
Suppose -3*r - 2*r = 5*p - 100, 2*r + p - 43 = 0. Calculate the remainder when 63 is divided by r.
17
Let n = 10 + 10. Let b = -60 - -112. Let s = b - n. Calculate the remainder when s is divided by 11.
10
Let a = -1178 - -1187. What is the remainder when 1/(-4) - (-426)/8 is divided by a?
8
Let f = 48 - 25. Let d = -17 - f. What is the remainder when 8/d - 251/(-5) is divided by 13?
11
Suppose -165 = -4*q - 5*i + 160, -i + 5 = 0. Calculate the remainder when q is divided by 20.
15
Suppose -4*t = -7*t. Suppose -5*s + 10 = -t*x + 4*x, -s - 3*x + 2 = 0. Suppose -2*c = -s - 40. Calculate the remainder when c is divided by 8.
5
Suppose -j + q - 3 = -q, -3*j = -2*q - 7. Suppose 8 = -10*t + 128. Suppose 9 + t = 3*c. Calculate the remainder when c is divided by j.
2
Let d(x) = -4*x**2 + x + 11*x + x**2 + 4*x**2 + 2. Let a be d(-12). Suppose 2*b = -a*r, 2*b - 12 = -3*b - r. What is the remainder when 10 is divided by b?
1
Suppose 2 = 3*a - 61. Suppose z + 7*p - 73 = 4*p, -z + 2*p + 88 = 0. Calculate the remainder when z is divided by a.
19
Let p(x) = -2*x**3 - 27*x**2 + 14*x - 12. Let a be p(-14). Let g(r) = r**3 + 14*r**2 + 21*r - 20. What is the remainder when 59 is divided by g(a)?
11
Let m(q) = 29*q**2 - 1. Suppose 2*h + 2*h = 12. Suppose 0 = -c + 4*l + 11, -2*c + h*l = -2*l - 25. Calculate the remainder when m(-1) is divided by c.
13
Let l(c) = -7*c - 145. Let t(q) = -4*q - 73. Let o(k) = -3*l(k) + 5*t(k). What is the remainder when o(-20) is divided by 15?
5
Let q be -2*(85/(-10) + 1). Suppose 2*a - 3*s = 68 - q, -109 = -4*a + 3*s. What is the remainder when a is divided by 10?
8
Suppose 0 = -4*g - 8, -51 = -h + g + g. Let o(i) = 7*i + 66. What is the remainder when h is divided by o(-6)?
23
Suppose -83 + 283 = 5*c. Suppose 26*b + c = 21*b. Let j = 31 - b. Calculate the remainder when j is divided by 20.
19
Calculate the remainder when 599 is divided by ((-930)/28 - (-6)/(-21))*-2.
63
Suppose -4*p = -670 - 90. Let z = -46 - -70. What is the remainder when p is divided by z?
22
Suppose -4*r + 0*r = -60. Let g = 392 - 349. What is the remainder when g is divided by r?
13
Let z(b) = -2*b + 13. Calculate the remainder when 83 is divided by z(-16).
38
Let r be -6 - 0/(0 + 3). Let v = r - -11. Calculate the remainder when 33 is divided by v.
3
Let x = -654 + 671. Calculate the remainder when x is divided by 5.
2
Let s(g) = -2*g + 61. What is the remainder when 277 is divided by s(15)?
29
Let s = 17 - 16. Let y(a) = s + 1 + 24*a - 1 + 2. Calculate the remainder when y(4) is divided by 25.
24
Let c(o) = o**3 - 5*o**2 + 7*o - 4. Calculate the remainder when c(5) is divided by 4.
3
Suppose y = -3*m + 141, -4*m + 228 = m + 4*y. What is the remainder when m is divided by 30?
18
Calculate the remainder when -2*-1*(-99)/(-6) is divided by 31.
2
Suppose -i + 0*i = 0. Suppose i = 3*r - 4*d - 80, -d + 5*d + 20 = 0. Let v = 18 + -10. What is the remainder when r is divided by v?
4
Let a = 10 + 22. Calculate the remainder when ((-1116)/(-8))/(-3)*-2 is divided by a.
29
Calculate the remainder when 131 is divided by (-6 - (7 + -20)) + 8/2.
10
Suppose 5*t = -5*q - 30, t + 6 + 12 = 5*q. What is the remainder when 240/2*t/(-12) - 1 is divided by 27?
25
Calculate the remainder when ((-170)/50)/(1/(-335)) is divided by 60.
59
Let q = 97 - 137. Let h = q - -71. Suppose -v + 8 = 4*z, 3*v - z = h - 7. Calculate the remainder when 31 is divid